{"id":3,"date":"2021-11-19T03:30:44","date_gmt":"2021-11-19T03:30:44","guid":{"rendered":"http:\/\/sftcloud.com.mx:7030\/?page_id=3"},"modified":"2024-07-24T21:51:58","modified_gmt":"2024-07-24T21:51:58","slug":"aviso-de-privacidad","status":"publish","type":"page","link":"https:\/\/ranchandcorral.com\/index.php\/aviso-de-privacidad\/","title":{"rendered":"Aviso de Privacidad"},"content":{"rendered":"\n<p><\/p>\n\n\n\n<p class=\"has-medium-font-size\"><strong>Aviso de Privacidad<\/strong><\/p>\n\n\n\n<p><strong>Country Corral SA de CV <\/strong>en lo sucesivo <strong>(RANCH &amp; CORRAL) <\/strong>en su car\u00e1cter de responsable encargado del tratamiento de sus datos personales, manifiesta que para efectos del presente aviso, su domicilio se encuentra ubicado en Av. Mariano Otero N\u00b0 1240 Col. Jardines del Bosque, Guadalajara, Jalisco C.P. 44520.<\/p>\n\n\n\n<p><strong>RANCH &amp; CORRAL <\/strong>presenta este aviso de privacidad con la finalidad de dar cumplimiento a los art\u00edculos 15, 16 y dem\u00e1s relativos de la Ley Federal de Protecci\u00f3n de Datos Personales en Posesi\u00f3n de los Particulares (LA LEY).<\/p>\n\n\n\n<p><strong>RANCH &amp; CORRAL <\/strong>se compromete a que estos datos ser\u00e1n tratados bajo las m\u00e1s estrictas medidas de seguridad que garanticen su confidencialidad.<\/p>\n\n\n\n<p>Los referidos datos personales se incorporar\u00e1n a las distintas bases de datos de <strong>RANCH &amp; CORRAL<\/strong>, raz\u00f3n por la cual <strong>EL CLIENTE <\/strong>autoriza que \u00e9ste realice el tratamiento de sus datos personales de conformidad con las finalidades mas adelante descritas, para utilizarlos durante el desarrollo de las operaciones y servicios contratados por lo que tendr\u00e1 la responsabilidad de protegerlos mientras est\u00e9n en su poder.<\/p>\n\n\n\n<p><strong>1. Datos Personales Recibidos del Cliente<br><\/strong>EL CLIENTE acepta de manera expresa entregar a <strong>RANCH &amp; CORRAL <\/strong>para su tratamiento, de manera enunciativa m\u00e1s no<\/p>\n\n\n\n<p>limitativa los siguientes datos personales:<\/p>\n\n\n\n<p>a) Datos generales del titular: Apellido Paterno, Apellido Materno, Nombre(s), Constancia de Situaci\u00f3n Fiscal (CSF), Sexo, Nacionalidad, identificaci\u00f3n oficial, correo electr\u00f3nico, domicilio (s) de \u00e9sta y en caso de ser persona moral ACTA CONSTITUTIVA<\/p>\n\n\n\n<p>b) Domicilio: Calle, n\u00famero exterior, n\u00famero interior, colonia, c\u00f3digo postal, Estado, delegaci\u00f3n\/municipio y tel\u00e9fono.<\/p>\n\n\n\n<p><strong>Datos Personales Sensibles. &#8211; <\/strong>Para cumplir con las finalidades previstas en este Aviso de Privacidad, <strong>RANCH &amp; CORRAL <\/strong>hace de su conocimiento que de manera enunciativa m\u00e1s no limitativa se recaban y tratan datos personales sensibles:<\/p>\n\n\n\n<p><strong>Datos Financieros y Bancarios.- <\/strong>Los datos financieros y bancarios que se podr\u00e1n solicitar son los siguientes: Informaci\u00f3n, cuentas bancarias, datos de tarjetas de cr\u00e9dito y d\u00e9bito, CLABE bancaria, RFC;<\/p>\n\n\n\n<p>Estos datos ser\u00e1n tratados bajo las m\u00e1s estrictas medidas de seguridad que garanticen su confidencialidad.<\/p>\n\n\n\n<p>Podr\u00e1n tratarse otros datos personales, sensibles y no sensibles, que no se incluyan en las listas anteriores siempre y cuando dichos datos se consideren de la misma naturaleza y no sean excesivos respecto a las finalidades para los cuales se recaban.<\/p>\n\n\n\n<p>Para el tratamiento de su Datos Personales Sensibles, Datos financieros y Bancarios y Patrimoniales se requiere su consentimiento expreso mediante la firma del aviso de privacidad correspondiente.<\/p>\n\n\n\n<p><strong>2. Finalidad de los Datos Personales<br><\/strong>El CLIENTE consiente que sus datos personales sean utilizados por <strong>RANCH &amp; CORRAL <\/strong>con la <strong>finalidad principal <\/strong>de:<\/p>\n\n\n\n<ol class=\"wp-block-list\">\n<li>Identificaci\u00f3n, localizaci\u00f3n y contacto con el titular<\/li>\n\n\n\n<li>Verificar y confirmar su identidad;<\/li>\n\n\n\n<li>Atenci\u00f3n de nuestros productos y servicios<\/li>\n\n\n\n<li>Prospecci\u00f3n comercial<\/li>\n\n\n\n<li>Elaborar y presentar cotizaciones;<\/li>\n\n\n\n<li>Contactarle y ofrecerle nuestros servicios;<\/li>\n\n\n\n<li>Dar de alta como cliente y\/o proveedor;<\/li>\n\n\n\n<li>Encuestas de satisfacci\u00f3n;<\/li>\n\n\n\n<li>Facturaci\u00f3n y cobranza de servicios y productos;<\/li>\n\n\n\n<li>Realizaci\u00f3n de estudios de mercado;<\/li>\n<\/ol>\n\n\n\n<ol class=\"wp-block-list\" start=\"11\">\n<li>Atenci\u00f3n a sus solicitudes, quejas, dudas y\/o comentarios relacionados con nuestros servicios;<\/li>\n\n\n\n<li>Realizaci\u00f3n de encuestas de satisfacci\u00f3n;<\/li>\n\n\n\n<li>Las dem\u00e1s finalidades que resulten necesarias para la prestaci\u00f3n de los servicios por usted requeridos.<\/li>\n<\/ol>\n\n\n\n<p><strong>Finalidades Secundarias<\/strong><\/p>\n\n\n\n<p>1. Realizar estudios y procesos internos.<br>2. Realizar encuestas de calidad en el servicio y atenci\u00f3n a clientes.<br>3. Para fines mercadot\u00e9cnicos, publicitarios o de prospecci\u00f3n comercial. 4. Cumplir con los requisitos legales y reglamentarios aplicables.<\/p>\n\n\n\n<p>En caso de que no desee que sus datos personales sean tratados para estas finalidades secundarias, usted tiene un plazo m\u00e1ximo de 5 (cinco) d\u00edas h\u00e1biles para comunicar lo anterior a la Direcci\u00f3n de Contacto: <strong>samuel.rangel@datospersonalesmexico.com <\/strong>La negativa para el uso de sus datos personales para estas finalidades, no podr\u00e1 ser un motivo para que le neguemos los servicios y productos que solicita o contrata con nosotros.<\/p>\n\n\n\n<p><strong>3. Seguridad de los Datos Personales<\/strong><\/p>\n\n\n\n<p><strong>RANCH &amp; CORRAL <\/strong>implementar\u00e1 las medidas de seguridad t\u00e9cnicas, administrativas y f\u00edsicas necesarias para procurar la integridad de sus datos personales y evitar su da\u00f1o, p\u00e9rdida, alteraci\u00f3n, destrucci\u00f3n o el uso, acceso o tratamiento no autorizado.<\/p>\n\n\n\n<p>\u00danicamente el personal autorizado, que ha cumplido y observado los correspondientes requisitos de confidencialidad, podr\u00e1\u0301 participar en el tratamiento de sus datos personales. El personal autorizado tiene prohibido permitir el acceso de personas no autorizadas y\/o utilizar los datos personales para fines distintos a los establecidos en el presente Aviso de Privacidad. La obligaci\u00f3n de confidencialidad de las personas que participan en el tratamiento de sus datos personales subsiste a\u00fan despu\u00e9s de terminada la relaci\u00f3n con <strong>RANCH &amp; CORRAL.<\/strong><\/p>\n\n\n\n<p><strong>4. Transferencias<\/strong><\/p>\n\n\n\n<p>El CLIENTE entiende y acepta que <strong>RANCH &amp; CORRAL <\/strong>en algunos casos podr\u00e1 remitir sus datos personales a terceros contratados por \u00e9ste para realizar en su nombre y representaci\u00f3n ciertas tareas relacionadas con las actividades comerciales que realizamos, tal como tecnolog\u00edas de la Informaci\u00f3n, de promoci\u00f3n de productos y servicios y en general con actividades relacionadas al objeto social de <strong>RANCH &amp; CORRAL <\/strong>financieras o de cr\u00e9dito, aseguradoras y despachos de cobranza.<\/p>\n\n\n\n<p>En este acto se declara que <strong>RANCH &amp; CORRAL <\/strong>transferir\u00e1 la informaci\u00f3n aqu\u00ed contenida cuando sea necesario, a la Secretar\u00eda de Hacienda y Cr\u00e9dito P\u00fablico, despachos jur\u00eddicos, Bur\u00f3 de Cr\u00e9dito; en dichos casos se procurar\u00e1 que \u00e9stos terceros le den el mismo tratamiento que el aqu\u00ed manifestado. Los terceros no tendr\u00e1n la facultad de retransmitir la informaci\u00f3n ni de utilizarla para fines distintos a los que el titular a trav\u00e9s de <strong>RANCH &amp; CORRAL <\/strong>haya designado.<\/p>\n\n\n\n<p>Tambi\u00e9n se podr\u00e1n transmitir su datos personales a las autoridades Financieras Mexicanas, con la finalidad de dar cumplimiento a leyes y requerimientos oficiales, autoridades e Instituciones del sector asegurador y afianzador en caso de ser necesarios, as\u00ed como cumplimiento a regulaciones en materia de prevenci\u00f3n de lavado de dinero, brindando en este caso los datos indispensables; tambi\u00e9n a las autoridades competentes, locales y federales cuando se encuentre dentro de las excepciones se\u00f1aladas en la Ley y su Reglamento. En el caso de transferencias, tratamiento de sus datos personales sensibles, financieros y bancarios, se requerir\u00e1 su consentimiento expreso, mediante la firma del presente aviso de privacidad.<\/p>\n\n\n\n<p>La remisi\u00f3n de datos personales se\u00f1alados en el p\u00e1rrafo anterior incluye la divulgaci\u00f3n de informaci\u00f3n en una base de datos confidencial a terceros que puedan estar participando en un proyecto o una transacci\u00f3n de negocios con <strong>RANCH &amp; CORRAL<\/strong>, incluyendo implementaci\u00f3n de sistemas, financiamientos, seguros, o, en su caso, la cesi\u00f3n de derechos, cobro de deudas, estudios socioecon\u00f3micos entre otros.<\/p>\n\n\n\n<p><strong>RANCH &amp; CORRAL <\/strong>podr\u00e1 transmitir libremente los datos personales de EL CLIENTE a las sociedades controladoras, subsidiarias o filiales, a una sociedad matriz o a cualquier sociedad que opere bajo los mismos procesos y pol\u00edticas internas.<\/p>\n\n\n\n<p><strong>5. Limitaciones de la Divulgaci\u00f3n de Informaci\u00f3n<\/strong><\/p>\n\n\n\n<p><strong>RANCH &amp; CORRAL <\/strong>se compromete a no transferir su informaci\u00f3n personal a terceros adicionales a los mencionados en el p\u00e1rrafo anterior sin su consentimiento y en caso de que EL CLIENTE haya consentido que se realicen transferencias, <strong>RANCH &amp; CORRAL<\/strong>, har\u00e1 del conocimiento del CLIENTE a trav\u00e9s de medios impresos o electr\u00f3nicos la finalidad por la que dicha informaci\u00f3n ser\u00e1 transferida a terceros; asimismo <strong>RANCH &amp; CORRAL <\/strong>informar\u00e1 a trav\u00e9s de los mismos medios por los que se recabaron los datos personales (domicilio f\u00edsico y direcci\u00f3n de correo electr\u00f3nico) los cambios que se realicen al aviso de privacidad.<\/p>\n\n\n\n<p>De igual forma EL CLIENTE se compromete a dar aviso a <strong>RANCH &amp; CORRAL <\/strong>sobre cualquier cambio respecto a su domicilio f\u00edsico y\/o direcci\u00f3n de correo electr\u00f3nico, con la finalidad de que \u00e9ste pueda comunicarse con EL CLIENTE para informar cualquier cambio o modificaci\u00f3n respecto de lo contenido en el presente aviso de privacidad.<\/p>\n\n\n\n<p><strong>RANCH &amp; CORRAL <\/strong>no necesitar\u00e1 el consentimiento de EL CLIENTE para transferir a terceras personas su informaci\u00f3n en los siguientes casos:<\/p>\n\n\n\n<p>a) Cuando la transferencia est\u00e9 prevista en una Ley o Tratado en los que M\u00e9xico sea parte.<\/p>\n\n\n\n<p>b) Cuando la transferencia sea necesaria para la prevenci\u00f3n o el diagn\u00f3stico m\u00e9dico, la prestaci\u00f3n de asistencia sanitaria, tratamiento m\u00e9dico o la gesti\u00f3n de servicios sanitarios.<\/p>\n\n\n\n<p>c) Cuando sea requerida por autoridades competentes de conformidad con las disposiciones legales aplicables<\/p>\n\n\n\n<p><strong>6. Medios para ejercer los derechos de acceso, rectificaci\u00f3n, cancelaci\u00f3n y oposici\u00f3n (ARCO) de los datos personales<\/strong><\/p>\n\n\n\n<figure class=\"wp-block-table\"><table><tbody><tr><td><strong>RANCH &amp; CORRAL <\/strong>ha designado a un encargado de datos personales, (el \u201cOficial de Privacidad\u201d), por lo tanto Usted podr\u00e1 limitar el uso o divulgaci\u00f3n de sus datos personales mediante comunicaci\u00f3n dirigida al correo electr\u00f3nico siguiente: <strong>samuel.rangel@datospersonalesmexico.com <\/strong>(la \u201cDirecci\u00f3n de Contacto\u201d). Usted tiene derecho de: (i) acceder a sus datos personales en nuestro poder y conocer los detalles del tratamiento de los<\/td><\/tr><tr><td>mismos, (ii) rectificarlos en caso de ser inexactos o incompletos, (iii) cancelarlos cuando considere que no se requieren para alguna de las finalidades se\u00f1aladas en el presente Aviso de Privacidad, est\u00e9n siendo utilizados para finalidades no consentidas o haya finalizado la relaci\u00f3n contractual o de servicio, o (iv) oponerse al tratamiento de los mismos para fines espec\u00edficos, seg\u00fan lo diga la ley, (conjuntamente, los \u201cDerechos ARCO\u201d). Los Derechos ARCO se ejercer\u00e1n mediante la presentaci\u00f3n de la solicitud respectiva, la cual puede ser solicitada al Oficial de privacidad al correo: <strong>samuel.rangel@datospersonalesmexico.com <\/strong>la \u201cSolicitud ARCO\u201d a cual deber\u00e1 ser enviada, acompa\u00f1ada de la siguiente informaci\u00f3n y documentaci\u00f3n: I. Su nombre, domicilio y correo electr\u00f3nico para poder comunicarle la respuesta a la Solicitud ARCO;<br>II. Los documentos que acrediten su identidad (copia de IFE, pasaporte o cualquier otra identificaci\u00f3n oficial) o en su caso, los documentos que acrediten su representaci\u00f3n legal;<br>III. Una descripci\u00f3n clara y precisa de los datos personales respecto de los cuales busca ejercer alguno de los Derechos ARCO;<br>IV. Cualquier documento o informaci\u00f3n que facilite la localizaci\u00f3n de sus datos personales;<br>V. En caso de solicitar una rectificaci\u00f3n de datos, deber\u00e1 de indicar tambi\u00e9n, las modificaciones a realizarse y aportar la documentaci\u00f3n que sustente su petici\u00f3n; y<br>VI. La indicaci\u00f3n del lugar donde podremos revisar los originales de la documentaci\u00f3n que acompa\u00f1e. Su Solicitud ARCO ser\u00e1 contestada mediante un correo electr\u00f3nico por parte del Oficial de Privacidad en un plazo m\u00e1ximo de 20 (veinte) d\u00edas h\u00e1biles contados desde el d\u00eda en que se haya recibido su Solicitud ARCO. En caso de que la Solicitud ARCO se conteste de manera afirmativa o procedente, tales cambios se har\u00e1n en un plazo m\u00e1ximo de 15 (quince) d\u00edas h\u00e1biles. Los plazos referidos en este p\u00e1rrafo se podr\u00e1n prorrogar por una vez por un periodo igual en caso de ser necesario. Es importante comunicarle que <strong>RANCH &amp; CORRAL <\/strong>podr\u00e1 negar el acceso (la \u201cNegativa\u201d) para que Usted ejerza sus Derechos ARCO en los siguientes supuestos: I. Cuando Usted no sea el titular de los datos personales, o su representante legal no est\u00e9 debidamente acreditado para ejercer por medio de \u00e9l, sus Derechos ARCO;<br>II. Cuando en nuestra base de datos no se encuentren sus datos personales;<br>III. Cuando se lesionen los derechos de un tercero; IV. Cuando exista un impedimento legal o la resoluci\u00f3n de una autoridad competente, que restrinja sus Derechos ARCO; y<\/td><\/tr><tr><td>V. Cuando la Rectificaci\u00f3n, Cancelaci\u00f3n u Oposici\u00f3n haya sido previamente realizada. En relaci\u00f3n con lo anterior, la Negativa podr\u00e1 ser parcial, en cuyo caso <strong>RANCH &amp; CORRAL <\/strong>efectuar\u00e1 el acceso, rectificaci\u00f3n, cancelaci\u00f3n u oposici\u00f3n en la parte procedente. <strong>RANCH &amp; CORRAL <\/strong>siempre le informar\u00e1 el motivo de su decisi\u00f3n y se la comunicar\u00e1 a Usted o en su caso, a su representante legal, en los plazos anteriormente establecidos, por correo electr\u00f3nico, acompa\u00f1ando, en su caso, las pruebas que resulten pertinentes. El ejercicio de los Derechos ARCO ser\u00e1 gratuito, previa acreditaci\u00f3n de su identidad ante el Responsable, pero si Usted reitera su solicitud en un periodo menor a doce meses, los costos ser\u00e1n de tres d\u00edas de la Unidad de Medida y Actualizaci\u00f3n Vigente, m\u00e1s I.V.A., a menos que existan modificaciones sustanciales al Aviso de Privacidad que motiven nuevas consultas. En todos los casos, la entrega de los datos personales ser\u00e1 gratuita, con la excepci\u00f3n de que Usted deber\u00e1 de cubrir los gastos justificados de env\u00edo o el costo de reproducci\u00f3n en copias u otros formatos.<\/td><\/tr><\/tbody><\/table><\/figure>\n\n\n\n<p>EL CLIENTE podr\u00e1 revocar el consentimiento que ha otorgado a <strong>RANCH &amp; CORRAL <\/strong>para el tratamiento de los datos personales que no sean indispensables para el cumplimiento de las obligaciones derivadas del v\u00ednculo jur\u00eddico que les une, a fin de que <strong>RANCH &amp; CORRAL <\/strong>deje de hacer uso de los mismos. Para ello, es necesario que EL CLIENTE presente su petici\u00f3n en los t\u00e9rminos antes mencionados.<\/p>\n\n\n\n<p><strong>7. Mecanismo para revocaci\u00f3n del consentimiento.<\/strong><\/p>\n\n\n\n<p>En caso de que Usted decida revocar su consentimiento para que <strong>RANCH &amp; CORRAL <\/strong>deje de llevar a cabo el tratamiento de sus datos personales, o se oponga a la transferencia de los mismos, deber\u00e1 de enviar una solicitud de revocaci\u00f3n de<\/p>\n\n\n\n<p>consentimiento a la Direcci\u00f3n de Contacto, y deber\u00e1 de ser acompa\u00f1ada en el correo electr\u00f3nico de los documentos que acrediten su identidad (copia de IFE, pasaporte o cualquier otra identificaci\u00f3n oficial) o en su caso, los documentos que acrediten su representaci\u00f3n legal y la indicaci\u00f3n del lugar en el cual se pone a nuestra disposici\u00f3n los documentos originales.<\/p>\n\n\n\n<p>Para conocer el procedimiento y requisitos para la revocaci\u00f3n del consentimiento, usted podr\u00e1 ponerse en contacto con nuestro Oficial de Privacidad en el correo electr\u00f3nico siguiente: <strong>samuel.rangel@datospersonalesmexico.com<\/strong><\/p>\n\n\n\n<p>De conformidad con lo dispuesto en el Reglamento (UE) 2016\/679 del Parlamento Europeo y del Consejo de 27 de abril de 2016 relativo a la protecci\u00f3n de las personas f\u00edsicas en lo que respecta al tratamiento de datos personales y a la libre circulaci\u00f3n de estos datos (en adelante \u201cReglamento general de protecci\u00f3n de datos\u201d o \u201cGDPR\u201d), <strong>RANCH &amp; CORRAL <\/strong>se compromete a seguir obteniendo su consentimiento expreso para adquirir, procesar y tratar sus datos personales de conformidad con lo establecido en el GDPR.<\/p>\n\n\n\n<p>Al ingresar a la p\u00e1gina web de <strong>RANCH &amp; CORRAL <\/strong>el servidor guarda la siguiente informaci\u00f3n: el dominio o direcci\u00f3n IP de la computadora que solicita el acceso, la fecha de acceso, el c\u00f3digo de respuesta HTTP, la p\u00e1gina web de la cual ingresa y el n\u00famero de bytes transferidos a trav\u00e9s de la conexi\u00f3n, tiempo de navegaci\u00f3n en nuestra p\u00e1gina de Internet, secciones consultadas, y p\u00e1ginas de Internet accedidas previo a la nuestra. La informaci\u00f3n enunciada se obtiene con fines de seguridad en el sistema, as\u00ed como para monitorear su comportamiento como usuario de Internet, brindarle un mejor servicio y experiencia de usuario al navegar en nuestra p\u00e1gina de Internet, as\u00ed como ofrecerle nuevos servicios basados en sus preferencias. En algunos casos <strong>RANCH &amp; CORRAL <\/strong>guarda cierta informaci\u00f3n en su PC por medio de \u201ccookies\u201d. Se denomina \u201ccookie\u201d al archivo de datos que se almacene en el disco duro del equipo de c\u00f3mputo o del dispositivo de comunicaciones electr\u00f3nicas de un usuario al navegar en un sitio de internet espec\u00edfico, el cual permite intercambiar informaci\u00f3n del estado entre dicho sitio y el navegador del usuario. El uso de \u201ccookies\u201d puede revelar medios de identificaci\u00f3n de sesi\u00f3n, autenticaci\u00f3n o preferencias del usuario, as\u00ed como <strong>RANCH &amp; CORRAL<\/strong>, tener acceso a su sistema o a sus datos personales, excepto que usted provea dicha informaci\u00f3n de manera voluntaria. Es importante mencionar que la configuraci\u00f3n est\u00e1ndar del navegador permite el uso de \u201ccookies\u201d, por lo que puede inhabilitar dicha configuraci\u00f3n en su navegador.<\/p>\n\n\n\n<p>Nuestra p\u00e1gina de internet puede contener links o enlaces a p\u00e1ginas de internet externas y\/o redes sociales que no corresponden a <strong>RANCH &amp; CORRAL <\/strong>y, por tanto, no guardan relaci\u00f3n alguna con nosotros. Le recomendamos revisar y leer las pol\u00edticas de privacidad, as\u00ed como los t\u00e9rminos de uso de dichos sitios web externos antes de hacer uso de estos. No asumimos ninguna responsabilidad o riesgo con respecto a temas de privacidad u cualquier otro tema legal que est\u00e9 relacionado con cualquiera de sus servicios.<\/p>\n\n\n\n<p>El presente Aviso de Privacidad y sus cambios ser\u00e1 publicado en las oficinas de <strong>RANCH &amp; CORRAL <\/strong>y\/o en la p\u00e1gina electr\u00f3nica siguiente<strong>: https:\/\/www.ranchandcorral.com<\/strong><\/p>\n\n\n\n<p>\u00daltima actualizaci\u00f3n: Abril 2024<\/p>\n","protected":false},"excerpt":{"rendered":"<p>Aviso de Privacidad Country Corral SA de CV en lo sucesivo (RANCH &amp; CORRAL) en su car\u00e1cter de responsable encargado del tratamiento de sus datos personales, manifiesta que para efectos del presente aviso, su domicilio se encuentra ubicado en Av. Mariano Otero N\u00b0 1240 Col. Jardines del Bosque, Guadalajara, Jalisco C.P. 44520. RANCH &amp; CORRAL [&hellip;]<\/p>\n","protected":false},"author":1,"featured_media":0,"parent":0,"menu_order":0,"comment_status":"closed","ping_status":"open","template":"","meta":{"footnotes":""},"class_list":["post-3","page","type-page","status-publish","hentry"],"jetpack_sharing_enabled":true,"_links":{"self":[{"href":"https:\/\/ranchandcorral.com\/index.php\/wp-json\/wp\/v2\/pages\/3","targetHints":{"allow":["GET"]}}],"collection":[{"href":"https:\/\/ranchandcorral.com\/index.php\/wp-json\/wp\/v2\/pages"}],"about":[{"href":"https:\/\/ranchandcorral.com\/index.php\/wp-json\/wp\/v2\/types\/page"}],"author":[{"embeddable":true,"href":"https:\/\/ranchandcorral.com\/index.php\/wp-json\/wp\/v2\/users\/1"}],"replies":[{"embeddable":true,"href":"https:\/\/ranchandcorral.com\/index.php\/wp-json\/wp\/v2\/comments?post=3"}],"version-history":[{"count":2,"href":"https:\/\/ranchandcorral.com\/index.php\/wp-json\/wp\/v2\/pages\/3\/revisions"}],"predecessor-version":[{"id":21106,"href":"https:\/\/ranchandcorral.com\/index.php\/wp-json\/wp\/v2\/pages\/3\/revisions\/21106"}],"wp:attachment":[{"href":"https:\/\/ranchandcorral.com\/index.php\/wp-json\/wp\/v2\/media?parent=3"}],"curies":[{"name":"wp","href":"https:\/\/api.w.org\/{rel}","templated":true}]}}